 2*r(p). Let f(i) = -i**2 - 49*i - 568. Let m be f(-31). List the prime factors of n(m).
2, 19
Suppose 3310*w - 3319*w = -9027. What are the prime factors of w?
17, 59
Let x(i) = -i**3 - 7*i**2 - 4*i + 24. List the prime factors of x(-11).
2, 3, 23
Let m(y) = -2*y**3 - 44*y**2 - 9*y - 33. List the prime factors of m(-24).
3, 829
Let s(b) = -153*b - 7. List the prime factors of s(-2).
13, 23
Suppose 8*m + 26 = -6. Let s be (46/m - -1)*-4. List the prime factors of s + 1 - 8/(-8).
2, 11
Let w be ((-3)/2)/(6/(-8)) + 134. Suppose 152 = w*t - 132*t. What are the prime factors of t?
2, 19
Let f(u) = -u**2 - 6*u + 15. Let q be f(-6). Suppose -2*a + 269 = -q. List the prime factors of a.
2, 71
Let x = 25 + -22. Suppose -15 = 3*p, x*h + h - 4*p = 560. List the prime factors of h.
3, 5
List the prime factors of (-2137)/(-2) - (7 + (-182)/28).
2, 3, 89
Suppose z - 3 - 13 = 0. Let d = z - 13. What are the prime factors of (0/d + 3)/1?
3
Let l be 27*1*(-26)/39. Let a be (-24)/10 + l/(-45). Let b = 37 - a. List the prime factors of b.
3, 13
Let m(d) = -d**2 - 30*d - 71. What are the prime factors of m(-14)?
3, 17
Let b(r) be the first derivative of 32*r**3/3 - 2*r**2 + 16. What are the prime factors of b(-2)?
2, 17
Suppose 6*s - m = 2*s + 2116, -3*s + 1588 = -m. Suppose 8*g + 0*g = s. What are the prime factors of g?
2, 3, 11
Let f = 970 + 695. What are the prime factors of f?
3, 5, 37
Suppose -1143 = -5*y + 3147. What are the prime factors of y?
2, 3, 11, 13
Let t = 286 + -265. What are the prime factors of t?
3, 7
List the prime factors of ((-1)/(13/(-1391)))/(1/4).
2, 107
Let b = -167 - -174. Let g(y) = 3*y**2 - y + 1. Let c be g(1). Let x = c + b. List the prime factors of x.
2, 5
Let k(c) = -c**2 + 12*c - 4. Let u be k(10). Let t = u + 1. What are the prime factors of t - -6 - (1 + 2)?
2, 5
Suppose 3 - 10 = m. Let j be m/(-42) - 365/(-6). What are the prime factors of j/7 - 4/(-14)?
3
Let f = 64 + -66. Let g(x) be the first derivative of -23*x**2/2 + 4*x - 3. List the prime factors of g(f).
2, 5
List the prime factors of (38/34 + (-38)/323)*75.
3, 5
Suppose -3*q = 2*y + y + 12, 0 = y - q + 2. Let x be ((-642)/y)/2 - -2. Suppose -3*s + x = 5*z, z + 2*s = 4*z - 73. What are the prime factors of z?
23
Suppose -3*b - 2*r = 6, 0*r + 3*r + 9 = 0. Suppose b*n = -2*n - 42. Let c = 0 - n. What are the prime factors of c?
3, 7
Let m(j) = j**3 + 2*j - 3. Let i be m(2). Let y be (-5)/20 - i/(-4). Suppose -y*f + 23 + 23 = 0. What are the prime factors of f?
23
Let p(f) = 3*f**3 + 2*f**2 - 14*f + 4. List the prime factors of p(7).
1033
Suppose 0 = -4*n + 4*j + 2800 + 1960, -2390 = -2*n + 4*j. What are the prime factors of n?
3, 5, 79
Let i(z) = z**3 + z**2 - 14*z + 15. What are the prime factors of i(8)?
479
Let n(v) = 14*v**3 - v**2 - 8*v + 10. List the prime factors of n(2).
2, 3, 17
Let t(i) = 50*i - 20. Let z be t(19). Suppose 9*o + 12 = z. What are the prime factors of o?
2, 3, 17
Let z = -115 + 145. Suppose 0*h + 4*h - 50 = -2*m, -5*m - 43 = -4*h. Let o = z - h. What are the prime factors of o?
2, 3
Let a(c) = c**2 - 12*c. Let t be a(13). Suppose -10 = -j - t, -3*i + 204 = -2*j. What are the prime factors of i?
2, 3, 11
Let b(s) = s + 6. Let f be b(-4). Suppose 0 = -f*g - 0 - 8, -5*g - 35 = -3*p. Suppose 4*r = 2*i - 40, -i = p*r - 0*r - 41. List the prime factors of i.
2, 13
Suppose 48692 = 34*f - 11726. List the prime factors of f.
1777
Let v(k) = k**2 - k + 10. Let r be v(7). Suppose 3*i - i - 2 = 0, 4*c + 95 = -5*i. Let p = c + r. List the prime factors of p.
3
Let m be (1209/(-26))/((-2)/36). Suppose -9*i + m = 90. What are the prime factors of i?
83
Let d(i) = -i**3 - 11*i**2 - 8*i + 30. Let t be d(-10). What are the prime factors of 4/t + 13695/75?
3, 61
Suppose 3*j + 4 = 4*j. Suppose -33 = h - j*h. What are the prime factors of h?
11
Let y = 10 + -6. Suppose 2*h - 378 = -y*n, 4*h + 0*h = -5*n + 471. What are the prime factors of n?
5, 19
Suppose -8221 = -4*f + 5*m - 2976, 5*m - 3890 = -3*f. List the prime factors of f.
3, 5, 29
Let d(o) = o + 3. Let a be d(-3). Suppose b + 8 - 2 = a. List the prime factors of 12/18 - 8/b.
2
Let q(f) = -20*f - 15. Let t be q(-5). Let a = 14 - t. Let j = 113 + a. List the prime factors of j.
2, 3, 7
Let r(h) = -2*h**2 + 24*h + 47. List the prime factors of r(13).
3, 7
Let s = 55 - 50. Suppose -y - 3*k - k = -26, y - 53 = s*k. List the prime factors of y.
2, 19
Suppose -2*t + 2 = 0, -2*a = a - 4*t + 4. Suppose a = -5*g - 305 + 1160. What are the prime factors of g?
3, 19
Suppose 60 = 3*l - 249. Let y(i) = 53*i - 1. Let m be y(-1). Let s = l + m. List the prime factors of s.
7
Let y(i) = -2*i**3 - 4*i**2 + 3*i - 1. Let w be y(-3). What are the prime factors of 2/w*-213*(-3 - 1)?
3, 71
Let b = 962 - 1465. Let t = b + 753. List the prime factors of t.
2, 5
Suppose -4*t + 0*t = -2*i + 32, -5*t + i = 46. What are the prime factors of (281 - 1)*(-2 + (-24)/t)?
2, 7
Suppose 5*j + 25 = 0, 0 = -5*d - j + 842 + 3338. List the prime factors of d.
3, 31
Suppose -8792 = 20*p - 76*p. List the prime factors of p.
157
Let v(x) = -54*x - 25. List the prime factors of v(-5).
5, 7
Let r(s) = 5*s**3 - 2*s**2 - s + 9. Let w be r(3). Let m = w + -54. List the prime factors of m.
3, 23
Let j(i) = 14*i + 229. List the prime factors of j(20).
509
Let i(y) = 44*y**2 + 27*y + 125. List the prime factors of i(-7).
2, 523
Let v be (-1434)/8 - (-5)/20. Let r = v + 330. What are the prime factors of r?
151
Let u = -19 - -13. Let r = 2 - u. List the prime factors of -1 + 1 + 64/r.
2
Let z(n) = 44*n + 60. List the prime factors of z(5).
2, 5, 7
Suppose x - 2 = 3*x. What are the prime factors of x - (-6)/(-9)*-6?
3
Suppose -3*r = -0*r + 2*n - 403, -5*r - 5*n = -665. What are the prime factors of r?
137
Suppose 3*r + 600 = r. Let t be r/(-9) - (-4)/6. Suppose 4*g - 42 = t. What are the prime factors of g?
19
Let y(l) = -3*l - 13. Let s(h) = 3*h + 14. Let k(o) = -6*s(o) - 5*y(o). Let n be k(-8). Suppose i - 15 = -2*a, -i + 40 = n*a + 2*i. List the prime factors of a.
5
Let l(r) be the first derivative of -7*r**2/2 - 6*r - 8. List the prime factors of l(-6).
2, 3
Let x be 522/42 + (-3)/7. Let a be 44/24 - (-2)/x. What are the prime factors of -4 + (a - -2) - -20?
2, 5
Let y(c) = 3*c**2 + 22*c + 42. Let g be y(-21). Suppose -21*i - g = -28*i. What are the prime factors of i?
3, 43
Let g = 76 - 76. Suppose 8*x - 4*x - 832 = g. What are the prime factors of x?
2, 13
Let x(f) = f**3 + 4*f**2 - 3*f + 10. Let i be x(-5). List the prime factors of 62 - -1*(i - -1).
3, 7
Let v(z) = 144*z**3 + z**2 - 1. Let i be v(-1). Let g = -57 - i. What are the prime factors of g?
3, 29
Let p be ((-15)/(-9))/((-5)/(-435)). Suppose -28*x + 23*x + p = 0. List the prime factors of x.
29
Suppose 4*p = 4, -2*l + p = l + 61. Let s be (-102)/(-10) + (-24)/120. List the prime factors of l/s + 32/1.
2, 3, 5
Let m(s) be the first derivative of 7*s - 1/2*s**2 + 6. List the prime factors of m(3).
2
Suppose 8*s + 444 = 5*s. Let p = s + 278. List the prime factors of p.
2, 5, 13
Let h(x) = -4*x + 1. Let y be h(-1). Suppose 6 = 4*u - j, -2*j = 5*u - 4 - 10. Suppose -5*p = y*q - 65, 0*p = u*p - 4*q - 26. What are the prime factors of p?
13
Let s = 51 + -42. Suppose r + 2*u - s = 3*u, -5*r + 37 = -3*u. What are the prime factors of r?
5
Suppose 4*l = -4 + 20. Suppose -q + 2*q + 5*c = 59, l*c - 379 = -5*q. List the prime factors of q.
79
Let y be (-15 - 1)/4 - 2. Let q be (32/y)/((-3)/90). Suppose -3*f = 2*f - q. What are the prime factors of f?
2
What are the prime factors of ((-1126)/4)/((-117)/108 - -1)?
2, 3, 563
Suppose 4*l + 2*o = -258, 2*l + o = 3*o - 114. Let y = 92 - 201. Let x = l - y. What are the prime factors of x?
47
Let r be 71/((4/(-6))/(2/3)). Suppose 4*h = 2*h + 220. Let g = r + h. List the prime factors of g.
3, 13
Suppose 22 = -q + 77. Suppose 2*f - d - 67 = 0, -4*f = -3*d - 80 - q. Let w = -8 + f. List the prime factors of w.
5
Suppose -90*u + 94*u = 296. List the prime factors of u.
2, 37
Suppose -11*f + 1615 + 365 = 0. List the prime factors of f.
2, 3, 5
Suppose -4*y + 6101 = -5007. List the prime factors of y.
2777
Suppose 39*t = 51*t - 2748. What are the prime factors of t?
229
Suppose 0 = -7*a + 12*a - 15. Suppose -a*c = -19 - 314. List the prime factors of c.
3, 37
